is n(-9)?
6
Let l(o) be the third derivative of -o**5/60 + o**4/3 - 8*o**3/3 + 92*o**2 + 2*o. Give l(8).
-16
Let n(s) be the third derivative of 0*s - 1/4*s**4 + 25*s**2 + 1/60*s**5 - 5/6*s**3 + 0. Give n(6).
-5
Suppose 0 = -12*x + 29*x + 187. Let s(u) = -u**3 - 10*u**2 + 10*u - 6. Calculate s(x).
5
Let k(y) = 678*y**2 - 7*y - 677*y**2 + 1 + 4*y. Determine k(3).
1
Let a be 0 - (-3 + 4 - 7). Let b be 3/a*6 + 3/(-1). Let c(n) be the first derivative of n**3/3 + n**2/2 - 5*n - 4. Give c(b).
-5
Let k(z) = z**2 - 4*z + 1. Let y(b) = b + 17. Let d = 5 - 19. Let n be y(d). Let f be n/(6*(-4)/(-40)). Calculate k(f).
6
Let j be (-1 + 0)/((-9)/18). Suppose 0 = -j*w - 5*l - 70, -6*w + w = 3*l + 137. Let z = -28 - w. Let b(f) = -f**2 - 3*f - 4. What is b(z)?
-4
Let k(v) be the second derivative of -v**3 - 11*v**2 + 430*v. Give k(-4).
2
Let l(a) = -13*a**3 + a**2 - 7*a + 1. Let w be l(-3). Let k(f) = 0*f - 2*f - f**3 + 387*f**2 - w*f**2. Calculate k(3).
12
Let x(g) = g - 1. Suppose -9*m - 15 = -6. What is x(m)?
-2
Let h(g) = 4*g**3 - 5*g**3 - 3*g - 16 - 2*g**3 + 2*g**3 + 2*g - 14*g**2. Determine h(-14).
-2
Suppose t - 2*i = -3*t + 14, 4*t + 3*i - 19 = 0. Let n(l) = -18*l + 6*l + 10*l + l**3 - 4*l**2 - 1. What is n(t)?
-9
Let i(a) = 5*a + 1. Let f = -38 - -61. Suppose -3*t = 2*b + 2*t - f, -t = 4*b - 1. Let s be -2 - (-1 - -1)/b. Determine i(s).
-9
Let g = 14 + -11. Let i(a) = -63*a**g + 7*a**2 - 2 + 62*a**3 + 0 - 6*a - 3. Determine i(5).
15
Let w(p) be the first derivative of -24 + 0*p + p**3 + 3/2*p**2. Calculate w(-2).
6
Let c(t) = -8*t**2 - 65*t + 41. Let s(x) = -9*x**2 - 65*x + 44. Let l(i) = -6*c(i) + 5*s(i). What is l(-22)?
-4
Let h(f) be the first derivative of 10 + 6*f - 1/2*f**2. Give h(0).
6
Let l(w) be the second derivative of -4*w**3/3 - 165*w + 2. Give l(-4).
32
Suppose -2*j - f + 8 = 0, -5*j + f + 19 = -15. Let v(s) = 8 - 2*s + j*s + s**2 - 5. Calculate v(-3).
0
Let r(f) be the third derivative of f**5/15 + 3*f**2 + 1. Calculate r(-1).
4
Let s(i) be the first derivative of -i**4/2 + 4*i**3 + i**2/2 - 8*i + 429. Calculate s(6).
-2
Let h(t) = t**3 - 14*t**2 + 3*t + 2. Let v(b) = -b**2 + b - 1. Let u(o) = h(o) - 3*v(o). Give u(11).
5
Let k(f) = -8*f - 2 - f**2 + 1 - 4. Let b(l) = -l**3 + 10*l**2 - 2*l + 21. Let y be b(10). Let g(m) = -5*m**2 - 2*m + 1. Let d be g(y). Calculate k(d).
7
Let m(a) = -2*a. Let u be m(-2). Let w(h) be the second derivative of -h**3/6 - h**2/2 - 9*h. Determine w(u).
-5
Let p = -22 - -27. Let h(t) = -t - 10 + 5*t - p*t - 4. Calculate h(-9).
-5
Suppose -26 = -2*o - 5*f, o - 4*f = -10 + 36. Let z be o/81 - (-4)/(-18). Let u(k) = -k**3 + k**2 - 16. Determine u(z).
-16
Suppose -16 = -2*r - 4*p, -3*r - 13*p + 18*p + 2 = 0. Let d(g) = g**2 - 6*g + 4. Give d(r).
-4
Let x be (15/45)/(1/(-6)). Let p(h) be the first derivative of -h**3/3 - 3*h**2/2 - 2*h + 81. Calculate p(x).
0
Let o(b) = 4*b**3 - 4*b**2 + 25*b - 9. Let p(r) = -r**3 + 2*r**2 - 8*r + 3. Let w(m) = 2*o(m) + 7*p(m). Give w(-7).
-4
Let a(k) be the third derivative of -2*k**2 + 1/24*k**4 + 0*k - 1/3*k**3 + 1/60*k**5 + 0. Suppose t + 3*u + 12 = 0, -2*t - 4*u = -3*t + 16. Determine a(t).
-2
Let q(k) = -2*k + 3*k - 2*k + 1. Suppose 0 = -2*l + 12 + 4. Suppose -6*n - l = 28. Calculate q(n).
7
Let k(d) = 8*d**3 + 8*d**2 + 2*d**2 - 8 - 2*d**2 - 9*d**3. Let y be k(8). Let w(j) = -j**3 - 9*j**2 - 7*j. Give w(y).
-8
Let f(k) = 0 + 2 + 6*k - 4 + k**2 + 4. Let m = -65 - -60. What is f(m)?
-3
Let y(g) = g**3 + 7*g**2 + 9*g + 7. Let x(h) = 2*h + 6. Suppose -9*a + 30 = -14*a. Let o be x(a). Give y(o).
-11
Let g(f) = -f + 4. Let d be g(-6). Suppose 4*l - d = 6. Let k be 185/(-35) + l/14. Let u(p) = -p**2 - 3*p + 7. Determine u(k).
-3
Let w(u) = u**3 - 4*u**2 + 3*u. Let p = -267 + 270. Calculate w(p).
0
Let d(l) = 95 - 4*l - 190 + 0*l + 93. What is d(5)?
-22
Let x(u) = 6*u**2 + 2*u. Let y(a) = 17*a**2 + 5*a + 1. Let r(f) = 8*x(f) - 3*y(f). What is r(3)?
-27
Let x(b) be the second derivative of -b**4/12 + b**3/2 - 6*b**2 - 6*b. Let j(q) be the first derivative of x(q). Let c be 4 - ((1 - -2) + -3). What is j(c)?
-5
Let n(l) = -l**2 - 5*l - 4. Let x be n(-4). Let h(g) = g**3 + 2*g**2 + 2*g - 3*g + x*g**2 + 3*g. What is h(-2)?
-4
Let n(t) = 24*t**3 - 3 + 0*t - 31*t**3 + 39*t**2 - 2*t - 42*t**2. Determine n(-2).
45
Let w(g) = -g**2 - 5*g + 6. Let l(c) = c**3 + 9*c**2 + 7*c - 6. Let b be l(-8). Let h(u) = -3*u**2 - 9*u + 12. Let i(o) = b*h(o) - 5*w(o). Determine i(6).
0
Let j(v) be the first derivative of -16 - 1/3*v**3 + 3*v**2 - v. Calculate j(6).
-1
Let w = 2 - 3. Let d = w - -9. Let h(v) = 4*v**2 - 2*v**2 + 3 - d*v**3 - 4. What is h(-1)?
9
Let q = 54 + -42. Let c be 3 - 21*4/q. Let l(m) = -m**3 - 3*m**2 + 2*m - 4. Determine l(c).
4
Let b(z) be the first derivative of -z**3/3 + 15*z**2/2 + 3*z - 82. Calculate b(16).
-13
Let y = 81/158 - 1/79. Let q(a) be the second derivative of 4*a + 1/2*a**3 - 1/12*a**4 + 0 + y*a**2. Give q(3).
1
Let r(y) = -7 + 4*y - 4*y - 2*y + y. Let p be 2/7 - (-279)/(-21). Let v be r(p). Let h(j) = -j**3 + 7*j**2 - 7*j. Calculate h(v).
-6
Let d(k) = -5*k - 7. Let g(p) = -p. Let n(v) = -d(v) + 3*g(v). Give n(-6).
-5
Let a(c) = 0 + 0 - c**2 + 2*c**2 - 182*c + 178*c - 7. What is a(7)?
14
Let k be (69 - 9)/(-2)*2/4. Let t(m) = -m**3 - 14*m**2 + 16*m + 10. Determine t(k).
-5
Let q(n) = 4*n**2 - 8*n - 8. Let w be q(3). Let x(f) = -2*f**2 + 2*f + 6. Calculate x(w).
-18
Let c(x) be the third derivative of x**4/24 - x**3 + 82*x**2. What is c(15)?
9
Let h(v) be the first derivative of v**3/3 + 3*v**2/2 + 3*v - 8016. Let l(q) = -q**3 - 3*q**2 + 5*q + 1. Let u be l(-4). Calculate h(u).
3
Let m(a) = a**2 - 8*a - 3. Suppose 23*j - 17*j - 36 = 0. Determine m(j).
-15
Let a(c) = -c**3 - 4*c**2 + 4*c. Let g(t) be the third derivative of t**4/6 - 23*t**3/2 + 4*t**2. Let y be g(16). What is a(y)?
5
Let q(l) be the third derivative of l**5/60 + l**4/6 + l**3/3 + 5*l**2 - 6*l. Determine q(-2).
-2
Let z(d) be the second derivative of -d**5/20 - d**4/3 + d**3/3 + 2*d**2 + 4*d - 1. Determine z(-4).
-4
Let p(a) = -174*a**3 + 175*a**3 - 14*a + 3*a**2 + 10*a**2 - 16. Calculate p(-14).
-16
Let p be (3 - 1) + 2*-1. Let c(r) = -127*r**3 - 18 + 3*r**2 - 2*r**2 + 126*r**3 + 0*r**2 + 0*r**2. Calculate c(p).
-18
Let o(u) = -2*u**2 + 4*u. Let q = 21 - -2. Suppose -q = -s - 20. What is o(s)?
-6
Let s(u) = 66 - 15 - 49 + u. What is s(8)?
10
Let d(o) = -8*o**2 - o - 2. Let h(t) = -7*t**2 - 2*t - 1. Let l(n) = 6*d(n) - 7*h(n). Determine l(-8).
-5
Let b(t) = 125*t + 863. Let l be b(-7). Let u(f) = -2*f**3 - 21*f**2 - 24*f + 1. Let o(p) = -3*p**3 - 32*p**2 - 36*p + 1. Let h(m) = 5*o(m) - 7*u(m). Give h(l).
-2
Let g(x) = -3*x - 16. Let n be g(-7). Suppose 0 = -6*w - n + 125. Suppose 4*t = a + a - w, 2*t + 14 = 3*a. Let l(h) = -2*h - 5. Calculate l(t).
3
Let n = 3455 + -3457. Let h(y) = -6*y**2 - 2*y - 3 + 5 + 2*y**2. Give h(n).
-10
Let x(t) = t**3 + 4*t**2 - 4*t + 3. Let c(r) = r**2 + 1. Let l(u) = -2*c(u) + x(u). Let i be l(-3). Let m(p) = -p**2 + 4*p + 4. Calculate m(i).
4
Let l(h) = 11*h + h - 10*h - 18 + h. What is l(8)?
6
Let b(c) = c + 6. Suppose -n + j + j = -29, 3*n - 3*j = 72. Let g = n + -14. Determine b(g).
11
Let s(c) be the second derivative of 5/12*c**4 - 4*c - 1/2*c**2 - 1/20*c**5 + 0 + 1/3*c**3. Give s(5).
9
Let w(s) = s**2 - 13*s + 4*s - 7 - 2*s**2 + 15*s. Suppose -5*p - 5*n = -84 - 1, 5*n - 1 = p. Let q = p - 8. Give w(q).
-7
Let q(h) = -4*h - 2. Let b(f) = f**3 - 10*f**2 + 10*f + 1. Let i be b(9). Let z be ((-30)/(-25))/((-2)/i). Let r = z + 8. Determine q(r).
-10
Let b(p) = -p + 1 + 5 - 5. Let k be 2/(-2*(-3)/9). Suppose k*v - 20 = -a, 3 = -v - a + 13. What is b(v)?
-4
Let z = -30 - -35. Suppose 3*x - z*g = -31, x - 3*x - 9 = -g. Let h(b) = 3*b**2 - 3*b - 3. Calculate h(x).
15
Suppose -20 = -2*g - 48. Let w be 6/21 - (-116)/g. Let h be 26/w + (-2)/(-8). Let q(p) = p**3 + 2*p**2 - 3*p + 4. Determine q(h).
4
Let q(m) = 7*m**2 - 3*m - 2. Let n(s) = -2*s**2 - s - 1. Let t(g) = -3*n(g) - q(g). Calculate t(7).
-2
Let c(z) be the third derivative of z**6/120 - 3*z**5/20 - 7*z**4/24 - 14*z**3/3 - 57*z**2 - 4. Calculate c(10).
2
Let f(l) be the second derivative of 3*l**3/2 - 3*l**2/2 + 46*l - 1. Give f(7).
60
Let m(x) = 1. Let s be (1/2)/(2/4). Let d(h) = -h + 3. Let p(y) = s*d(y) - 4*m(y